u - 13 = -j, -6*j + 3*j = -3*u - 3. List the prime factors of t(j).
7
Let j = -346 - -618. What are the prime factors of j?
2, 17
Let d be (-4)/14 - 74/(-14). Suppose -2*c + 198 = 5*i, 0*c = d*i + 3*c - 202. What are the prime factors of i?
2, 19
Suppose -q + 5 + 5 = 4*y, -y - 5*q = 7. Suppose -5*m + 66 = 4*n, y*m + 2*n - 6*n - 46 = 0. List the prime factors of m.
2, 7
Suppose 7 = n + 4*u - 18, -3*n - u = -97. What are the prime factors of n?
3, 11
Let k = -72 + 95. List the prime factors of k.
23
Suppose -5*j - 42 = -7*j. Suppose 4*y - 26 = 3*m + 9, -5*m - j = -2*y. What are the prime factors of y?
2
Suppose 0 = -f + 5. Let i(u) = u**3 + 3*u**2 - u - 3. Let g be i(-3). Let c = g + f. What are the prime factors of c?
5
Let t = -139 - -235. List the prime factors of t.
2, 3
Suppose -r + 5*r - 5*h - 141 = 0, 0 = h + 1. Let a = -15 + r. What are the prime factors of a?
19
Let h = 102 + 31. What are the prime factors of h?
7, 19
Let b(t) be the third derivative of -t**4/24 + 2*t**2. Let o be b(4). List the prime factors of (-6)/o*(-50)/(-15).
5
Let m(c) = -c - 9. Let q be m(-9). Suppose q*n = -n - 5*t - 15, 0 = 3*t + 9. Suppose n = -5*v + 20, 20 = 2*a - 2*v + 5*v. List the prime factors of a.
2
Let f(o) = o**3 - 13*o**2 + 6*o - 7. Let r be f(8). List the prime factors of r/(-12) + (-3)/12.
23
Suppose -37 = -3*l + 92. What are the prime factors of l?
43
Let q(r) = r**3 + 9*r**2 - 11*r - 5. Let i be q(-10). Suppose i*a + 34 = 3*g, 3*a = -g - a. What are the prime factors of g?
2
Suppose -5*i = -6*i - 1. Let v be (10/6)/(i/3). What are the prime factors of (-2)/v + (-106)/(-10)?
11
Let i = 29 - 24. Let u(w) be the first derivative of -w**4/4 + 4*w**3/3 + 3*w**2 + w - 1. What are the prime factors of u(i)?
2, 3
Suppose 48 = -2*r + 5*r. What are the prime factors of (130/40)/(2/r)?
2, 13
List the prime factors of (1*12/(-8) + 2)*388.
2, 97
Let c = 8 + -5. Let v = c - -10. What are the prime factors of v?
13
Suppose 5*g = 122 + 328. List the prime factors of g.
2, 3, 5
Suppose -10 = 3*x - v - 31, -4*v = 0. Suppose 2*s - x - 69 = 0. Let p = s - 21. What are the prime factors of p?
17
Suppose 0 = -3*a - 2*t, 2*t + 22 = 5*a - 2*t. Suppose 0*d - 3*o + 33 = d, 5*o = -a*d + 63. List the prime factors of d.
2, 3
Let v(d) = 2*d - 9. Let k be v(6). Suppose k*n = -n - 44. Let z = n + 20. What are the prime factors of z?
3
Suppose 7*g - 210 = -0*g. List the prime factors of g.
2, 3, 5
Suppose 8 = -4*o + 8*o. Let y be (o/(-1))/(6 - 4). What are the prime factors of (y/(-2))/(4/48)?
2, 3
Let o(x) = -18*x. Let a be o(-2). Let u = -4 - 19. Let b = a + u. List the prime factors of b.
13
Let x(v) = v**3 - v**2 + 5*v - 4. List the prime factors of x(3).
29
List the prime factors of (3/6 - 1)*-20.
2, 5
Suppose -2*j + 3800 = 8*j. What are the prime factors of j?
2, 5, 19
Let c(a) = 2*a**2 - 28*a - 18. What are the prime factors of c(22)?
2, 167
Suppose x = 6*x + 5. What are the prime factors of (1 - 1) + 11 + x?
2, 5
Let m = -5 + 10. List the prime factors of m.
5
Suppose p = 4 + 1. Let r = -1 + p. Suppose -21 = -r*o + 15. List the prime factors of o.
3
Let o = 11 - 8. What are the prime factors of o?
3
Suppose c = -4, -2*w + 3*w - 30 = 5*c. What are the prime factors of w?
2, 5
Let l = 9 - 4. Suppose 4*n = 4*a - 8, 0*n = a - l*n + 18. What are the prime factors of a?
7
Let b(d) = 9*d + 5. Let o(y) = -6*y - 3. Let t(g) = 5*b(g) + 7*o(g). List the prime factors of t(4).
2
Let o(c) = -4*c + 7. List the prime factors of o(-7).
5, 7
Let l(c) = c**3 - 10*c**2 - 12*c + 12. Let g be l(11). Let a(o) = 4*o**2 - o + 1. What are the prime factors of a(g)?
2
Let t be (-2)/(1 + -1 + -2). Suppose 4*r - r - 4*j = 7, 2*j = r - t. Let q = 10 - r. List the prime factors of q.
5
Let y(g) = 1. Let d(w) = -w + 5. Let r(b) = -d(b) + 6*y(b). Let u = 8 + -6. What are the prime factors of r(u)?
3
Suppose -5*g + 185 = -140. What are the prime factors of g?
5, 13
What are the prime factors of (3 - 2)/((-2)/(-138))?
3, 23
Let t(p) be the third derivative of p**4/24 + 2*p**3 - p**2. Suppose 0 = 4*f + 4*i - 8, 3 = -2*f + 5*i - 7. What are the prime factors of t(f)?
2, 3
Suppose -t + 6 = -3*r - 1, 0 = 3*t + 4*r - 34. Let v be (-38)/t + 1/(-5). List the prime factors of (-2)/(v/30) - 3.
2, 3
Let m(a) be the first derivative of 0*a**2 + 1/4*a**4 + 5*a - 7/3*a**3 - 2. List the prime factors of m(7).
5
Let l(y) = -y**3 - 7*y**2 - y - 3. Let x be l(-7). Suppose 0*o + 27 = 3*o - x*g, 15 = -5*g. List the prime factors of o.
5
Suppose 4*x - 3*n = 9, -x + 2 - 3 = -4*n. Suppose -2 - x = -p. Suppose -i + p + 5 = 0. What are the prime factors of i?
2, 5
Let d = 9 - 5. Let k = d + 1. Suppose -2*n + n - 25 = -2*m, 0 = m + k*n + 4. What are the prime factors of m?
11
Let v be 25*((-48)/20)/(-4). Suppose -v = -0*j - j. List the prime factors of j.
3, 5
Let p(f) = f - 6. Let x be p(6). Suppose x = -l - l + 34. What are the prime factors of l?
17
Let z be (-6)/(-2) + (-4 - -6). Let l(g) = 2*g - 5. What are the prime factors of l(z)?
5
Suppose -3*d + 3*h - 9 = 0, 5*d + 9 = 2*h + h. Suppose -2*b + d*b = -6. List the prime factors of b.
3
Let n be 6/3 - (3 - 1). Suppose -i + 2 + 0 = n. Suppose -4*d + 60 = -i*z, 3*z + z - 36 = -4*d. What are the prime factors of d?
13
Let p(g) = 2*g**2 - 6*g + 3. Let j be 1 + 4*(-6)/(-8). What are the prime factors of p(j)?
11
What are the prime factors of (-3)/(-6)*(-480)/(-5)?
2, 3
Let x be 2 - (4 - (2 - 0)). Let l = x + 11. What are the prime factors of l?
11
Let m(k) = k**2 + 5*k - 4. Suppose 2 = -4*o - 30. What are the prime factors of m(o)?
2, 5
Suppose 2*f = -0*f + 100. Let m = f - 22. List the prime factors of m.
2, 7
Let y(q) = -27*q**3 - 2*q**2 + 2. List the prime factors of y(-1).
3
Suppose 2*f - 285 = -45. Suppose -6*y + f = -2*y. What are the prime factors of (y/4)/(-3)*-4?
2, 5
Suppose 5*i = i - 20. Let f(j) be the second derivative of j**4/12 + 2*j**3/3 + j**2 + 5*j. List the prime factors of f(i).
7
Let b(q) = 0*q**3 + 3*q**3 - 2*q**3 - 3*q + 1 - 2*q**2 + 0*q**3. List the prime factors of b(4).
3, 7
Suppose -3*r = 3*u - 42, 3*u - 76 = -3*r - 2*r. List the prime factors of 30*(r/5 + -3).
2, 3
Suppose 0*k - 3*k + 5*l = -11, 2*k + 4*l = 0. Suppose -3*m + a + 3*a + 2 = 0, 12 = 5*m + k*a. List the prime factors of m.
2
Suppose 0*l = -l + 182. What are the prime factors of l?
2, 7, 13
Suppose -5*w - 2 = 3. List the prime factors of 3 + 3 + 50 + w.
5, 11
Let p(v) = 2*v + 1. Let a be p(-1). Let f(u) = -9*u**3 - u + 0 + 2 - 3. List the prime factors of f(a).
3
Suppose 4*h - 38 = 3*d - d, -3*h - 5*d = -48. What are the prime factors of h?
11
Let j be (-13 - -10)*284/3. List the prime factors of (-4)/(-8) - j/8.
2, 3
Let o = 38 - -9. List the prime factors of o.
47
Let q = 3 + 2. Suppose 0 = q*k - 82 + 7. Suppose -k = -3*n + 3. List the prime factors of n.
2, 3
Let z(i) = -i**3 - 5*i**2 + 9*i + 7. Let a be z(-6). Let d = a + 19. List the prime factors of d.
2
Let d be -2 + -3 + 10 + 3. Suppose 0 = -2*o - 3*c + 11, 26 - d = 5*o - 2*c. Suppose g = 1 + o. List the prime factors of g.
5
Let i(l) = 5*l**2 + l - 9. List the prime factors of i(4).
3, 5
Suppose -5*b + 0*b + 36 = -4*v, 0 = -3*b - 4*v - 4. What are the prime factors of b?
2
Let b = -76 - -188. Suppose 3*q + 1 = -5*w + b, 21 = w + q. What are the prime factors of w?
2, 3
Let x = 245 - 111. List the prime factors of x.
2, 67
Let b = -58 - -95. Let z = -16 + b. Let i = -14 + z. What are the prime factors of i?
7
Let b(q) = q - 1. Let p be b(1). Suppose p = -v + 4 - 2. Suppose v*h = 2*w - 8, -h = 2*w + 1 - 9. List the prime factors of w.
2
Let q = 98 - -80. List the prime factors of q.
2, 89
Let g = 15 + -7. Let b be (2/((-4)/(-6)))/1. Let i = g - b. What are the prime factors of i?
5
Let k(c) = -3 + 5*c**2 + c**3 + c + 0*c**3 + c. Let x(j) = j**2 - 6*j + 5. Let s be x(4). What are the prime factors of k(s)?
3
Let g = -186 + 264. List the prime factors of g.
2, 3, 13
Let x(k) = k**3 - 5*k**2 + 2*k - 4. Let i be x(5). Let m = i - 3. Suppose -12 + 48 = m*h. What are the prime factors of h?
2, 3
Suppose 5*o - 129 = 401. What are the prime factors of o?
2, 53
Let m = 46 - -34. What are the prime factors of m?
2, 5
Let t(v) = 11*v + 3. Let i be t(6). Let n = i - 49. What are the prime factors of n?
2, 5
Let b(g) = -g**2 - 4*g + 4. Le